are the prime factors of x(b)?
5
Let d = 206 - 202. Suppose 8*q - 8 = d*q, 5*q - 76 = -3*c. What are the prime factors of c?
2, 11
Let o(q) = -q**3 - 7*q**2 + q - 8. Suppose b = 4*m + m - 17, 3*b + 2*m + 17 = 0. Let j be o(b). List the prime factors of (-872)/j - (-6)/(-45).
2, 29
Suppose 0 = -61*n + 32*n + 121452. Suppose -27*b + 24*b + n = 0. What are the prime factors of b?
2, 349
Let m(h) = -16*h**3 - 7*h + 6. Let z be m(1). Let s(y) = y**2 - 36*y - 1. What are the prime factors of s(z)?
2, 3, 5
Suppose 46 - 52 = -2*b. Suppose 1992 = 4*c + 2*y, -y = -b*y - 8. What are the prime factors of c?
2, 5
Let b = 501 + -519. List the prime factors of (30/20)/(b/(-21252)).
7, 11, 23
Let c(r) = 29*r - 13. Let v = 144 - 150. Let f be c(v). Let i = f + 457. What are the prime factors of i?
2, 3, 5
Let y(o) = 4*o - 7. Let s be y(3). Suppose s*m + u = 1555, m - 3*m + 634 = -2*u. What are the prime factors of m?
2, 3, 13
Suppose -6*p + 4*p = -654. Suppose -7*o + 499 = -p. Let h = -58 + o. List the prime factors of h.
2, 3, 5
Suppose 2*z - 9 = 3*f - 24, f = -z + 5. Suppose k - 4*y = 539, 4*k + 5*y = -z*y + 2198. List the prime factors of k.
547
Let a = 17 - 16. Suppose -18*r = -19*r - 2. List the prime factors of r/a*(-973)/14.
139
Let q be ((-4)/(-10))/(31/53165). Let l = q + -394. List the prime factors of l.
2, 73
Let d(u) = 14*u + 46. Let z be d(-18). Let y = 443 + z. Suppose 0 = 20*r - 23*r + y. What are the prime factors of r?
79
What are the prime factors of 4463*1 + -181 + 181?
4463
Let q(o) = -2*o**2 + 7*o**2 + 4 - 12*o - 8*o**2 + 2*o**2. Let w be q(-12). Suppose 262 = w*k - 2*k - 3*y, k - 136 = -y. What are the prime factors of k?
2, 67
Suppose 2*m + 12054 = 4*g, 3*m = -g + 1705 + 1319. Suppose 26*n - g = 17*n. List the prime factors of n.
5, 67
List the prime factors of ((-6776)/24)/11*-342.
2, 3, 7, 11, 19
Let v(r) = 2*r + 30. Let d be v(-8). Suppose 8 = -2*u, 0 = -2*p - p + 5*u + d. Let y(s) = -31*s**3 + 3*s**2 + 3*s + 5. What are the prime factors of y(p)?
7, 37
Let c = 21245 + -13181. What are the prime factors of c?
2, 3, 7
Let c be 9 + (-1)/(5/(-50)*-2). Suppose -c*y + 234 = -954. List the prime factors of y.
3, 11
List the prime factors of (110/15)/((-134)/(-111153)).
7, 11, 79
Suppose -2*o + 11 = 3*q, 3*q - 5*q = 5*o. Let l be -325*2*q/(-10). List the prime factors of l/5*(-3)/(-5).
3, 13
Let q = -668 - -1020. Let s be q/(-10)*(0 + -5). Suppose s - 16 = 2*o. What are the prime factors of o?
2, 5
Suppose 2*f + 29728 = m, m + 4*f - 89154 = -2*m. List the prime factors of m.
2, 7, 11, 193
Let f be 10356/15 + 13/5 + -2. Let y = f - 55. What are the prime factors of y?
2, 3, 53
Let k(x) = 2*x + 25. Let n be k(-11). List the prime factors of (-7 - -4) + -6 + n + 10.
2
Let d be (-4)/(-10) - (5 + (-952)/20). Let t = 98 + d. Suppose -9*v = -8*v - t. What are the prime factors of v?
3, 47
Suppose 4*d - 5*z - 23309 - 5027 = 0, -5*d = -z - 35420. List the prime factors of d.
2, 7, 11, 23
Suppose 5*f - 5*l = -6 - 14, -5*f - 20 = -2*l. What are the prime factors of (-1296)/(-15) + f/10?
2, 43
Let y = -19855 + 28887. Suppose 6118 + y = 15*z. List the prime factors of z.
2, 5, 101
Suppose 0 = 25*c + 228 - 28. Let b(d) = d**3 + 15*d**2 + 17*d + 27. List the prime factors of b(c).
3, 113
Let a(p) = -p**2 + 2*p + 32. Let x be (-4)/(-14) + 572/(-91). Let c be a(x). What are the prime factors of 4 + 4/c*-4?
5
Suppose 0 = 130*q + 40193 - 2958173. What are the prime factors of q?
2, 3, 29, 43
Let d be (5 + (5 - (-95)/(-10)))*0. Suppose 2*t - t - 438 = d. List the prime factors of t.
2, 3, 73
Suppose 5*m - 2592 - 12318 = 0. Suppose 38*q = m + 19096. List the prime factors of q.
7, 83
Let k = -4260 + 9156. List the prime factors of k.
2, 3, 17
List the prime factors of -3 + 5 + -13*(-5 - 952).
23, 541
Let n(m) = -m**2 - 163*m + 1627. What are the prime factors of n(-66)?
7, 31, 37
Let w = -10 - -11. Let k be 6*(1 + (1 - w)). Suppose -g - t + 9 = 0, 0 = 3*t - 0*t + k. List the prime factors of g.
11
List the prime factors of (-40)/48 + (3 - 317804/(-24)).
2, 7, 11, 43
Let s(n) = 2*n**2 - 27. Let j be s(4). Let y(m) = 383*m - 47. What are the prime factors of y(j)?
2, 467
Let d be 86/301 - 4/14. Suppose d = 4*g - 15*g + 5995. What are the prime factors of g?
5, 109
Suppose 5*c - 1 = z - 2, 0 = -2*z - 2*c + 14. Let b be -3 + (2 - z - 145). List the prime factors of (b/24)/(24/27 - 1).
3, 19
Let p = -47 - -40. Let i be (105/(-10))/p - (-7)/2. Suppose i*w - 277 - 253 = 0. List the prime factors of w.
2, 53
Let z(d) = -3*d**2 + 28*d - 12. Let n be z(-16). Let o = 2029 + n. What are the prime factors of o?
3, 89
Let m(l) = 31*l + 26*l - 5 + 4 - 61*l. Let x(y) = -16*y. Let b be x(1). List the prime factors of m(b).
3, 7
Let b(s) = -2*s**2 - 46*s + 54. Let a be b(-24). Suppose -a*n + 6276 = 1146. What are the prime factors of n?
3, 5, 19
Let x(w) = 3*w + 70. Let s(t) = 8*t + 16. Let j be s(-2). List the prime factors of x(j).
2, 5, 7
Suppose -5*u + 13*u = -960. Let g = -191 - -112. Let s = g - u. What are the prime factors of s?
41
Suppose -2*y - 659 = -7985. Suppose -w + 4*w + y = 5*z, -3*z + w + 2197 = 0. List the prime factors of z.
2, 3, 61
What are the prime factors of (-3402)/108*870/(-9) + 8?
43, 71
Suppose -2*n - 89 = -1799. Suppose -66*x + 63*x = -n. What are the prime factors of x?
3, 5, 19
Suppose -z - 4*p + 30869 = 0, -92596 = -3*z + 109*p - 110*p. List the prime factors of z.
5, 6173
Let i = 4717 + -3154. List the prime factors of i.
3, 521
Let i be -5 + (5/2)/(4/8). Suppose -17*c + 25*c - 8736 = i. What are the prime factors of c?
2, 3, 7, 13
Suppose p + 4*i = 422, -3*i - 250 - 1514 = -4*p. Let w = 693 - p. List the prime factors of w.
3, 5, 17
Suppose 20*g - 78*g + 394574 = 0. What are the prime factors of g?
6803
Let g(m) = m**3 - 39*m**2 - 58*m - 40. Let c be g(41). Suppose 9*o - c = 532. List the prime factors of o.
2, 41
Let a(z) = -z**3 + 99*z**2 + 493*z - 487. What are the prime factors of a(99)?
2, 5, 151
Suppose -1110*k - 116452 = -1124*k. List the prime factors of k.
2, 4159
Let p(c) = -c**3 - 3*c**2 + 3*c. Let f be p(-4). Suppose 240 + 96 = f*j. Suppose -80*x + j*x = 572. What are the prime factors of x?
11, 13
Suppose 2*g - 15776 = -5*r, 47*r = -4*g + 48*r + 31530. List the prime factors of g.
7883
Suppose 0 = -i + 83 + 86. Let c = 143 - i. Let j = 303 + c. List the prime factors of j.
277
Suppose -7*w - 4*w = -198. Let v(g) be the first derivative of 7*g**2/2 - 2*g + 4. List the prime factors of v(w).
2, 31
Let t(j) = -j**3 + 5*j**2 - 2*j - 4. Let g be t(4). Suppose q = v - g*q + 8, -2*v + 5*q - 6 = 0. Suppose v*a - 11 = -1. List the prime factors of a.
5
Let o = -97 + 101. Let r(x) = 13*x - 9 - 4*x - 2*x + 4*x**2. What are the prime factors of r(o)?
83
What are the prime factors of (1839*(-5)/(-10))/((-18)/(-648))?
2, 3, 613
Let f(v) = -28*v + 602 - 290 - 293. What are the prime factors of f(-23)?
3, 13, 17
Suppose 0 = -2*x + 2055 + 1947. What are the prime factors of x?
3, 23, 29
Let w = 6743 - -13143. List the prime factors of w.
2, 61, 163
Let r(q) = 3*q**2 + 2*q**2 - 10 - 514*q + 496*q. Let w be r(-7). Let v = w - 222. List the prime factors of v.
139
Let j = -328 - -526. Suppose q - 5*s = 5*q - 268, 3*q = -3*s + j. List the prime factors of q.
2, 31
Suppose -85 = 12*v - 121. Suppose -v*p + 28*p - 14250 = 0. List the prime factors of p.
2, 3, 5, 19
Let x(b) = 142*b**2 - 10*b - 25. Let p be x(-3). Let q = -722 + p. What are the prime factors of q?
3, 11, 17
Let p = 0 - -3. Suppose -5*b - q = -p*b + 148, -3*q = b + 69. Let k = -56 - b. List the prime factors of k.
19
Suppose 0 = -3*b + 5*c + 6539, -5*c = 8 - 3. Suppose 11*r = 14*r - b. List the prime factors of r.
2, 3, 11
Let a be -1 + 2 + -74 + 4. Let w = a + 73. What are the prime factors of ((-27)/(-36))/(1/w)?
3
Let q(s) = s**3 - 6*s**2 + 2*s - 10. Let j be q(6). Suppose -36 = -4*t - j*t. Suppose 3*z + t*z - 333 = 0. What are the prime factors of z?
37
Let w(x) = -12*x + 78. Let v be w(7). Let s(c) = 33*c**2 - c - 65. List the prime factors of s(v).
1129
Suppose 130*c = 3058198 + 1981122. What are the prime factors of c?
2, 11, 881
List the prime factors of ((-985)/10*(-12)/5)/((-147)/(-7840)).
2, 197
Let k(d) = -1655*d**3 - 4*d**2 + 4*d - 1. Let r be k(1). Let a = -1063 - r. List 